263 and 290433.
2031
What is the highest common divisor of 8031296 and 672?
224
What is the highest common factor of 527948 and 40673?
89
What is the highest common factor of 18790428 and 12?
12
What is the highest common factor of 19 and 1830403?
19
What is the greatest common divisor of 10624 and 782006080?
5312
What is the greatest common divisor of 15466437 and 17739?
1971
Calculate the greatest common factor of 151474576 and 3872.
1936
What is the greatest common divisor of 100554 and 270?
6
What is the greatest common divisor of 2427 and 18007531?
809
What is the highest common factor of 71094 and 121958?
578
What is the highest common factor of 916104 and 4003281?
2337
What is the greatest common divisor of 56251230 and 70?
70
What is the highest common factor of 3570 and 153650?
70
What is the greatest common divisor of 4165 and 938391160?
4165
Calculate the highest common divisor of 314084 and 21203.
233
What is the greatest common factor of 10812700 and 1100?
100
What is the greatest common divisor of 21184293 and 52?
13
What is the highest common factor of 1797777 and 6?
3
Calculate the greatest common factor of 24 and 68669112.
24
What is the highest common divisor of 60 and 1799226?
6
What is the highest common divisor of 341713 and 13168397?
2263
Calculate the greatest common factor of 15 and 35132973.
3
Calculate the greatest common factor of 5456 and 183832.
88
What is the greatest common factor of 14021 and 354895546?
2003
What is the greatest common divisor of 1688828494 and 382?
382
What is the highest common factor of 5299 and 2910665?
757
Calculate the highest common divisor of 1880 and 13436125.
235
What is the highest common divisor of 49081707 and 1053?
81
Calculate the greatest common divisor of 129507 and 7056.
147
Calculate the greatest common divisor of 2569600871 and 5783.
5783
Calculate the highest common divisor of 4971 and 2156474481.
4971
Calculate the highest common factor of 105 and 46158.
21
Calculate the greatest common factor of 1508 and 10773100.
52
Calculate the greatest common divisor of 168646 and 3450406.
4558
What is the highest common factor of 13851272 and 1205923?
6737
Calculate the greatest common factor of 2821388 and 1836.
68
Calculate the highest common divisor of 1868310486 and 518.
518
Calculate the greatest common divisor of 2849190 and 35040.
2190
Calculate the greatest common factor of 5086683 and 252.
63
Calculate the highest common factor of 30890 and 571030.
10
Calculate the greatest common divisor of 1988 and 1079918.
14
What is the greatest common factor of 8790 and 29807769?
879
Calculate the highest common divisor of 2603890 and 1530.
170
Calculate the greatest common factor of 92 and 23098256.
92
Calculate the greatest common factor of 294 and 6205242.
6
What is the highest common factor of 13275 and 17296263?
531
Calculate the greatest common divisor of 45 and 254352720.
15
Calculate the greatest common factor of 6900 and 1305.
15
Calculate the highest common divisor of 302 and 4571978.
302
What is the greatest common divisor of 558520 and 3000?
40
Calculate the greatest common factor of 1858 and 1970487965.
929
Calculate the highest common divisor of 27426 and 3486.
42
Calculate the greatest common factor of 7656 and 51751370.
638
Calculate the highest common factor of 25050 and 53430.
30
What is the greatest common factor of 21068702 and 44826?
482
Calculate the greatest common factor of 9 and 1495891134.
9
Calculate the highest common divisor of 1020 and 145889427.
51
Calculate the greatest common factor of 719859 and 1652.
413
Calculate the greatest common factor of 2294712 and 70650.
2826
What is the greatest common factor of 11700 and 200139300?
900
What is the highest common divisor of 1743687 and 10032?
627
Calculate the highest common divisor of 19170224 and 100344.
904
What is the greatest common divisor of 162328 and 29416?
8
Calculate the greatest common factor of 4279104 and 12274.
646
What is the greatest common divisor of 1927 and 3401?
1
What is the greatest common divisor of 624 and 31984224?
48
Calculate the greatest common divisor of 120698470 and 170.
170
What is the highest common factor of 128 and 340864?
128
Calculate the greatest common divisor of 3743 and 5925563.
197
Calculate the highest common factor of 990725 and 55200.
575
Calculate the greatest common factor of 9152 and 2149147.
143
What is the greatest common factor of 76 and 2856517?
19
What is the greatest common divisor of 12152 and 3038728?
56
Calculate the greatest common factor of 3664320 and 50.
10
What is the highest common divisor of 277794 and 147?
3
What is the highest common divisor of 664 and 18920?
8
What is the greatest common divisor of 40796249 and 1083?
361
What is the greatest common divisor of 41670 and 373629888?
8334
What is the highest common factor of 3931 and 2665182621?
3931
What is the highest common divisor of 280 and 449224?
8
What is the highest common factor of 40315681 and 3626?
1813
Calculate the highest common factor of 55 and 11068013.
11
What is the highest common factor of 4140396 and 1728?
108
What is the highest common divisor of 659950 and 8775?
25
Calculate the greatest common divisor of 44 and 204560.
4
What is the greatest common factor of 26523716 and 262562?
4954
What is the greatest common factor of 2313408 and 2496?
192
What is the highest common factor of 216 and 2563110?
54
What is the greatest common factor of 136552 and 63128?
104
What is the greatest common divisor of 67206 and 542616?
138
Calculate the highest common divisor of 23688265 and 40.
5
What is the highest common factor of 203297280 and 1152?
384
Calculate the greatest common divisor of 13379665 and 11180.
2795
What is the greatest common factor of 66 and 851319249?
33
Calculate the greatest common factor of 1536493256 and 8.
8
Calculate the highest common divisor of 5724048 and 1936.
176
What is the highest common divisor of 82 and 53227799?
41
Calculate the greatest common factor of 12787 and 337250.
19
Calculate the highest common factor of 7723527 and 2499.
147
Calculate the highest common factor of 571 and 1658755.
571
What is the highest common factor of 1592 and 1228228?
796
What is the greatest common factor of 7850904 and 72?
24
What is the highest common factor of 52276521 and 396?
33
What is the greatest common divisor of 8321950 and 54600?
4550
Calculate the highest common factor of 4878302 and 3663.
407
What is the highest common divisor of 2176 and 1014560?
544
What is the greatest common divisor of 59 and 17148763?
59
What is the greatest common divisor of 16864 and 1301?
1
What is the greatest common divisor of 3864 and 3229338?
966
Calculate the highest common factor of 4057158 and 20706.
1218
What is the highest common factor of 192 and 11028?
12
Calculate the greatest common factor of 9675722 and 3108.
518
What is the greatest common divisor of 33788541 and 966?
69
Calculate the highest common factor of 20983140 and 4300.
860
Calculate the highest common factor of 1808250 and 1500.
750
What is the highest common factor of 11132298 and 8?
2
What is the highest common factor of 52003 and 9809?
17
Calculate the highest common divisor of 51216 and 19069248.
528
What is the highest common factor of 33359200 and 92?
92
Calculate the greatest common divisor of 4557 and 2922990.
651
What is the greatest common factor of 6670 and 16330?
230
What is the highest common divisor of 351 and 13793?
13
What is the greatest common factor of 14 and 94584728?
14
What is the highest common factor of 1106937 and 23985?
117
What is the greatest common factor of 98345 and 2713217?
221
Calculate the greatest common divisor of 6934571 and 243250.
973
What is the greatest common factor of 15940 and 337676945?
3985
Calculate the highest common factor of 19950 and 853461.
399
Calculate the highest common factor of 18219465 and 2880.
45
What is the highest common divisor of 947 and 2671?
1
What is the greatest common factor of 633 and 54097657?
211
Calculate the highest common factor of 116879 and 13.
1
Calculate the highest common factor of 1256399 and 20243.
31
What is the highest common divisor of 12947985 and 7965?
135
What is the greatest common divisor of 4378879 and 114187?
1283
What 